 the prime factors of b(-6).
3
Let t = -39 - -46. Let s(v) = -3*v**2 - 23*v + 11. Let q(p) = 5*p**2 + 35*p - 17. Let n(m) = -5*q(m) - 8*s(m). List the prime factors of n(t).
11
Let p(t) = -t**3 + 9*t**2 + 2. Let g be p(9). Suppose 49 = z - a - g*a, 4*z - 116 = -4*a. What are the prime factors of z?
2, 17
Let v(j) = -1 - 4*j**2 + 3*j**2 + 4 + 4*j - 2*j**3. Let f be (6/(-4))/(3/4). List the prime factors of v(f).
7
Suppose 3*w + 5 - 19 = -2*s, -12 = 4*w - 5*s. Suppose l - 5 = w*l, -2*f - l = -41. What are the prime factors of f?
23
Suppose -3*j = -285 - 219. List the prime factors of j.
2, 3, 7
Let j(k) = 6*k**2 + 4*k + 13. Let c be j(-4). Suppose 4*m = -8, c + 88 = 3*w - 5*m. What are the prime factors of w?
3, 19
Suppose -s + 294 = s + 5*h, -483 = -3*s + 3*h. List the prime factors of s.
157
Let m(o) = -o**3 + 2*o**2 + 6*o - 14. List the prime factors of m(-6).
2, 7, 17
Let p be ((-2)/4)/((-3)/(-12)). List the prime factors of ((-1)/2)/(p/12).
3
Suppose -5*j = 6 - 46. Suppose -3*b = b - j. Suppose 2*r - 30 = -4*h, b*h - 4*r = -0*r + 40. List the prime factors of h.
2, 5
Suppose -4*y = -6 + 18, -2*s - 5*y = -225. List the prime factors of s.
2, 3, 5
Let g = -8 + 6. Let a be g + -16 + 2 + -2. Let h = a + 29. List the prime factors of h.
11
Let y = 10 - 4. Suppose 4*i = 2*b + y, -5*i + b + 9 = -i. Suppose -i*a = -7*a + 44. What are the prime factors of a?
11
Suppose 4*z = -0*z - 16, 4*z = -t - 12. Suppose -t*i + 5*k + 93 = 0, 4*k - 32 = 4*i - 120. What are the prime factors of i?
17
Suppose -4*y - y + 55 = 0. What are the prime factors of y?
11
Let h = -2 + 34. What are the prime factors of h?
2
Suppose n + 9 = -2*n. What are the prime factors of 12/(-36)*13*n?
13
Let y be (-632)/(-6) - 14/(-21). Suppose 4*s + 2*w - y = -0*s, -w = -5. List the prime factors of s.
2, 3
Let n(v) = -3*v - 7. What are the prime factors of n(-8)?
17
Let q = -5 + 10. List the prime factors of (q - 3) + -4 - -33.
31
Let z = 25 - 23. Suppose z*b = 34 + 12. What are the prime factors of b?
23
Let v = -197 + 278. List the prime factors of v.
3
Let w = -145 - -494. List the prime factors of w.
349
Let k = 1 - -6. Let o be (-2 - k)*(3 + -4). What are the prime factors of 2/9 + 88/o?
2, 5
Let d be (-5)/(15/(-6))*56. Let o = -65 + d. What are the prime factors of o?
47
Suppose 4*y = 4*j + 140, 2 = 3*j - 1. What are the prime factors of y?
2, 3
Let g(d) = 4*d**2 + 3*d - 1. List the prime factors of g(-3).
2, 13
Let d(a) = 2*a - 5. Suppose -2*u - 6 - 2 = 0, 2*z + 2*u = 0. Let x be d(z). List the prime factors of ((-2)/x)/((-2)/33).
11
Let t be (-6)/((-2)/(3 - 5)). List the prime factors of (t + 2)*(-3)/6.
2
Let r(z) = -2*z**3 + 3*z**2 + z - 3. Let w be r(-3). What are the prime factors of 1/(6/w)*2?
5
Suppose -5*v - 265 = -3*f, -8*f + 3*v = -4*f - 335. List the prime factors of f.
2, 5
Suppose -5*f = -2*t + 6, 2*f - 6 = -2*t + 4*f. Suppose t*p - 62 - 10 = 0. List the prime factors of p.
2, 3
List the prime factors of ((-50)/3)/((-6)/18).
2, 5
Let i(s) = -s**3 - 2*s**2 + 25*s + 5. What are the prime factors of i(-9)?
347
Suppose g = 18 + 13. Let k = g - 20. What are the prime factors of k?
11
Let m(s) = 3*s**3 + s**2 - 1 - s**2 - 2*s**3. List the prime factors of m(3).
2, 13
Let g be (-1 - -7) + -3 + 2. Suppose -g*p = -4*b + 17, -19 = -5*b + 3*p + p. Suppose 5*m - 10 = b*m. What are the prime factors of m?
5
Let o = -1 - 2. Let c be (-3 + 0)*20/o. What are the prime factors of (-24)/(-10)*c/6?
2
List the prime factors of ((-20)/(-30))/((-3)/(-216)).
2, 3
Let b be (-5)/((-10)/(-4)) + 5. Suppose b*z - 2 - 4 = 0. Suppose 2*u - 44 = -z*u. List the prime factors of u.
11
Let k(g) be the first derivative of 2*g**2 - 14*g + 1. List the prime factors of k(12).
2, 17
Suppose 0 = 3*q + 8 - 5. List the prime factors of (-1 - 0)*q + 5.
2, 3
Suppose -2*s - 4 = 0, 5*s = 2*l + 4*s - 6. Suppose 6 = t + l*t. Suppose -18 = -t*o + 2. What are the prime factors of o?
2, 5
Let a(v) = 9*v**2 - 4*v - 3. What are the prime factors of a(-2)?
41
Let b(g) = 37*g**2 - 2*g - 1. Let y be b(-1). Let z = -24 + y. List the prime factors of z.
2, 7
Suppose -7*t + 0 + 21 = 0. List the prime factors of t.
3
Let u(x) = 2*x**2 - x - 16. What are the prime factors of u(4)?
2, 3
Let p(f) = 46*f - 5. List the prime factors of p(5).
3, 5
Let q(y) = -4*y + 3. Let i(h) = -h. Let s(z) = -3*i(z) + q(z). Suppose -8 = 4*l + 20. What are the prime factors of s(l)?
2, 5
Let a(g) = -3*g + 1. Let o be a(-1). Suppose o = w - 8. Suppose -w + 2 = -2*p. List the prime factors of p.
5
Suppose -2*r = -2*t + 30, 4*r = -2 - 10. Suppose d - t = 4*d. Let o = 7 + d. List the prime factors of o.
3
Let v(l) be the second derivative of l**4/12 - l**3/6 + 2*l. Let m be v(2). Suppose -3*q + 5*t + 5 = -m, 0 = -q - 4*t + 25. What are the prime factors of q?
3
Suppose -2*t = i - 125, 6*i + 4 = 2*i. Suppose p = -2*p + t. What are the prime factors of p?
3, 7
Let k = 9 + 15. List the prime factors of k.
2, 3
Let s = -130 + 245. What are the prime factors of s?
5, 23
Suppose 3*z - 217 = 4*s, 5*s - 7 = 3. Suppose -z = -5*q - 5*i, -4*i - 33 = -4*q + 3. List the prime factors of q.
2, 3
Let b(c) = -3*c - 10. Suppose -l = 2*k - 8, 4*k + 0*k - 28 = -5*l. Suppose -36 - l = 4*o. What are the prime factors of b(o)?
2, 5
Suppose 0 = -l + m, -3*l + 5*m - 3*m + 2 = 0. Suppose -17 = -r + l. What are the prime factors of r?
19
Let n(s) = -s**2 + 7*s - 6. Let h be n(6). Let u(x) = -x**3 + 21. Let r be u(h). Let b = r + -14. What are the prime factors of b?
7
Let w(r) = r**3 - r**2 + r. Let v be w(0). Suppose v = 5*c - 4*c - 12. Suppose 5*x - c = 3. What are the prime factors of x?
3
Let j be (2 + (-4 - 0))*4. List the prime factors of (-12)/j*(-176)/(-6).
2, 11
Let i be (-2)/(-5) + (-4)/10. Let d = 0 + i. Let g = 7 - d. List the prime factors of g.
7
Let m be 32/14 - (-2)/(-7). Suppose -m*k + 2 = -k. What are the prime factors of k?
2
Suppose 12 = 4*x - x. Suppose x*z - 8 - 20 = -5*k, -8 = 4*z - 4*k. What are the prime factors of z?
2
Let y(x) = 3*x**2 - 1. Let l be y(-2). Let z be 1/3 + l/3. Suppose 5*d + z*h - 44 = d, 0 = -2*d - h + 23. What are the prime factors of d?
2, 3
Let q = -23 - -36. List the prime factors of q.
13
Suppose 0 = 3*y - 3*t - 21, 3*t + 3 + 6 = 0. Suppose d + 2*m - 12 = -0*d, -y*m + 14 = -3*d. Suppose -d*s - s + 6 = 0. What are the prime factors of s?
2
Suppose -6*g = -7*g + 9. List the prime factors of g.
3
Suppose -y + 9 = -2*y - 2*w, -5*w + 90 = -5*y. Let n = y + 24. What are the prime factors of n?
3
Let u = 13 + -19. Let i = 4 - u. Suppose 23 = 3*a - i. List the prime factors of a.
11
Suppose 3*w + 196 = 7*w. What are the prime factors of w?
7
List the prime factors of (0 - (-33)/3)*3.
3, 11
Let p(b) = -b**3 + 7*b**2 - b - 6. What are the prime factors of p(4)?
2, 19
Let r = 8 + -6. Suppose 0*t - r*t + 16 = 0. What are the prime factors of t?
2
Let a(c) = 18*c - 2. Let s be a(4). Let f = s - 42. List the prime factors of f.
2, 7
Let m(z) = -z**3 + 5*z**2 - 5*z + 2. Suppose -3*l = -3*a + 3, l = -3*a + 9 + 6. What are the prime factors of m(l)?
5
Suppose y = 3*y - 32. What are the prime factors of y?
2
Suppose 3*p = -3*q - 17 + 2, -2*p - 5*q - 25 = 0. Let h(s) = s**3 - 3*s**2 + 3*s. Let m be h(2). Suppose -m + p = -t. List the prime factors of t.
2
Let z = 12 - -1. List the prime factors of z.
13
Let h(v) = -v**2 - 13*v - 15. Let k be h(-10). Suppose -6*f = -3*f - k. Let w = 8 - f. What are the prime factors of w?
3
Suppose 0 = -s - 3*u + 15, 0*u - 2*u = -s. Let h = -5 + s. What are the prime factors of h + -3 + 10 + 0?
2
Let k = 3 + -1. Suppose -3*r - k*p + 19 = -4*p, -3*r - 4*p + 7 = 0. Suppose 5*u - 28 = -4*g + 3, 0 = -g - r*u + 19. What are the prime factors of g?
2
Let v(m) = m**3 - 6*m**2 - 6*m + 2. Let a(h) = -h + 18. Let j be a(11). List the prime factors of v(j).
3
Let z(n) = -n**3 + 2*n - 1. Let d be z(1). Suppose -3*q + 123 = -d*q. Suppose 0 = 5*t - q + 1. List the prime factors of t.
2
Suppose 29 = 5*g + 4*u, 5*g - 26 = -u - 0*u. Let h be 14 - g/(5/2). What are the prime factors of (h/7)/(2/7)?
2, 3
Let y be ((-6)/10)/((-1)/5). Suppose -23 = y*n - 8. Let i = -3 - n. List the prime factors of i.
2
Suppose -2*l + 64 = 2*l. What are the prime factors of l?
2
Suppose -10*q + 1003 = -497. List the prime factors of q.
2, 3, 5
Let